divide 7945?
True
Is 2850 a multiple of 15?
True
Is 32 a factor of 3968?
True
Is 17820 a multiple of 66?
True
Is 20 a factor of 411?
False
Is 14 a factor of 214?
False
Is 65 a multiple of 5?
True
Is 60 a factor of 2344?
False
Is 15 a factor of 242?
False
Is 9 a factor of 2025?
True
Does 24 divide 1080?
True
Is 741 a multiple of 13?
True
Is 761 a multiple of 7?
False
Is 42788 a multiple of 19?
True
Is 12093 a multiple of 29?
True
Is 52 a factor of 1754?
False
Is 9 a factor of 6255?
True
Is 20 a factor of 2720?
True
Is 11 a factor of 885?
False
Does 10 divide 625?
False
Does 3 divide 4?
False
Is 5 a factor of 1117?
False
Is 34 a factor of 11812?
False
Is 42 a factor of 2874?
False
Does 65 divide 3445?
True
Is 3 a factor of 849?
True
Is 190 a multiple of 12?
False
Is 16 a multiple of 11?
False
Is 5 a factor of 11566?
False
Is 7384 a multiple of 123?
False
Is 55 a factor of 18870?
False
Does 3 divide 551?
False
Is 53 a factor of 337?
False
Is 125 a factor of 5625?
True
Is 12 a factor of 1042?
False
Is 25 a factor of 1295?
False
Is 17358 a multiple of 66?
True
Is 47 a factor of 16110?
False
Is 7 a factor of 2362?
False
Does 117 divide 14274?
True
Is 5 a factor of 110?
True
Does 51 divide 12087?
True
Is 880 a multiple of 44?
True
Is 18 a factor of 16491?
False
Is 6594 a multiple of 30?
False
Is 10449 a multiple of 4?
False
Is 245 a multiple of 78?
False
Is 24 a factor of 600?
True
Does 3 divide 835?
False
Does 23 divide 2464?
False
Is 6 a factor of 290?
False
Is 13 a factor of 910?
True
Is 20 a factor of 40?
True
Is 9 a factor of 249?
False
Is 936 a multiple of 14?
False
Is 1347 a multiple of 14?
False
Is 816 a multiple of 14?
False
Is 2052 a multiple of 36?
True
Does 21 divide 231?
True
Is 7 a factor of 5565?
True
Does 22 divide 1365?
False
Is 9164 a multiple of 132?
False
Is 1440 a multiple of 10?
True
Does 11 divide 163?
False
Does 118 divide 14278?
True
Is 30 a factor of 930?
True
Does 4 divide 213?
False
Is 2780 a multiple of 20?
True
Does 7 divide 10330?
False
Is 20 a factor of 10713?
False
Is 56 a factor of 2544?
False
Does 24 divide 18734?
False
Is 4327 a multiple of 112?
False
Is 243 a multiple of 4?
False
Does 26 divide 35386?
True
Is 2064 a multiple of 17?
False
Is 1512 a multiple of 5?
False
Does 10 divide 2540?
True
Is 8606 a multiple of 116?
False
Is 17 a factor of 5049?
True
Does 11 divide 18983?
False
Does 3 divide 1654?
False
Is 104 a multiple of 26?
True
Is 7239 a multiple of 19?
True
Is 9 a factor of 3056?
False
Does 11 divide 323?
False
Is 8 a factor of 1657?
False
Is 117 a factor of 25038?
True
Is 5112 a multiple of 27?
False
Is 10302 a multiple of 6?
True
Does 14 divide 6846?
True
Is 6 a factor of 2932?
False
Is 164 a factor of 7065?
False
Is 2316 a multiple of 7?
False
Is 715 a multiple of 11?
True
Is 5696 a multiple of 16?
True
Is 18 a factor of 539?
False
Does 405 divide 84069?
False
Is 1683 a multiple of 8?
False
Does 14 divide 546?
True
Is 8052 a multiple of 22?
True
Is 17 a factor of 7325?
False
Is 9 a factor of 2637?
True
Is 145 a factor of 39005?
True
Does 2 divide 35?
False
Does 15 divide 21540?
True
Does 7 divide 724?
False
Is 79196 a multiple of 57?
False
Does 40 divide 4800?
True
Does 42 divide 12304?
False
Does 24 divide 576?
True
Is 53148 a multiple of 12?
True
Does 6 divide 173?
False
Is 8 a factor of 720?
True
Is 54 a factor of 598?
False
Is 16 a factor of 3724?
False
Does 8 divide 9664?
True
Is 54 a factor of 3240?
True
Does 9 divide 1242?
True
Does 46 divide 6956?
False
Is 7920 a multiple of 55?
True
Is 117 a factor of 936?
True
Is 65 a multiple of 9?
False
Does 125 divide 3042?
False
Is 8 a factor of 1295?
False
Is 9486 a multiple of 34?
True
Does 14 divide 20874?
True
Is 8989 a multiple of 22?
False
Does 7 divide 1579?
False
Does 204 divide 68323?
False
Is 8 a factor of 85?
False
Is 255 a multiple of 3?
True
Is 1240 a multiple of 18?
False
Does 74 divide 33737?
False
Does 33 divide 3721?
False
Is 2173 a multiple of 41?
True
Is 27 a factor of 877?
False
Does 321 divide 31779?
True
Is 10 a factor of 37300?
True
Does 17 divide 1139?
True
Is 1310 a multiple of 5?
True
Does 65 divide 15607?
False
Is 58 a factor of 17168?
True
Is 186 a factor of 13392?
True
Does 22 divide 1914?
True
Is 64665 a multiple of 15?
True
Is 10 a factor of 1800?
True
Is 8 a factor of 1022?
False
Is 1086 a multiple of 181?
True
Does 28 divide 588?
True
Is 448 a multiple of 56?
True
Does 4 divide 218?
False
Is 98 a factor of 8592?
False
Is 994 a multiple of 22?
False
Is 143 a multiple of 11?
True
Does 9 divide 10125?
True
Does 20 divide 1738?
False
Is 48678 a multiple of 133?
True
Is 29 a factor of 7105?
True
Is 8 a factor of 4471?
False
Does 2 divide 37?
False
Does 51 divide 9792?
True
Is 5 a factor of 2095?
True
Does 16 divide 1712?
True
Is 28 a factor of 77368?
False
Does 22 divide 504?
False
Is 13 a factor of 52?
True
Is 2175 a multiple of 20?
False
Is 5 a factor of 1139?
False
Is 464 a multiple of 58?
True
Is 212 a multiple of 8?
False
Does 7 divide 589?
False
Is 259 a multiple of 4?
False
Is 258 a multiple of 4?
False
Is 46 a factor of 1840?
True
Is 54 a factor of 162?
True
Does 84 divide 1369?
False
Does 6 divide 354?
True
Is 13137 a multiple of 29?
True
Is 360 a multiple of 19?
False
Does 128 divide 6331?
False
Does 17 divide 92259?
True
Does 70 divide 2170?
True
Is 128 a factor of 29118?
False
Is 871 a multiple of 69?
False
Does 78 divide 2023?
False
Does 19 divide 39390?
False
Is 26100 a multiple of 45?
True
Does 12 divide 281?
False
Is 3 a factor of 728?
False
Is 899 a multiple of 31?
True
Is 69762 a multiple of 11?
True
Is 112 a factor of 6631?
False
Does 19 divide 3287?
True
Is 3 a factor of 6226?
False
Does 6 divide 447?
False
Is 49 a factor of 49?
True
Is 76 a factor of 13224?
True
Is 18414 a multiple of 99?
True
Is 107445 a multiple of 247?
True
Does 48 divide 1707?
False
Is 27 a factor of 1323?
True
Is 520 a multiple of 33?
False
Is 5241 a multiple of 133?
False
Is 12862 a multiple of 118?
True
Is 16 a factor of 901?
False
Does 6 divide 9858?
True
Is 807 a multiple of 36?
False
Is 3331 a multiple of 3?
False
Is 469 a multiple of 7?
True
Is 31 a factor of 837?
True
Is 2520 a multiple of 10?
True
Is 22 a factor of 6000?
False
Does 64 divide 23552?
True
Is 15184 a multiple of 146?
True
Is 35 a factor of 6887?
False
Is 11130 a multiple of 154?
False
Does 38 divide 14820?
True
Is 22 a factor of 5390?
True
Is 35 a factor of 181930?
True
Is 11607 a multiple of 219?
True
Does 13 divide 18707?
True
Is 80 a multiple of 8?
True
Is 936 a multiple of 66?
False
Does 12 divide 16476?
True
Is 456 a multiple of 57?
True
Does 13 divide 1304?
False
Is 7614 a multiple of 94?
True
Is 32240 a multiple of 65?
True
Does 28 divide 4318?
False
Is 309 a multiple of 6?
False
Is 6 a factor of 13762?
False
Is 80 a factor of 1854?
False
Is 21 a factor of 2406?
False
Is 18 a factor of 22950?
True
Is 37299 a multiple of 18?
False
Is 3 a factor of 2753?
False
Is 549 a multiple of 9?
True
Is 12 a factor of 133?
False
Does 373 divide 46625?
True
Does 4 divide 52?
True
Is 704 a multiple of 16?
True
Is 35 a factor of 805?
True
Does 11 divide 660?
True
Is 429 a multiple of 3?
True
Does 8 divide 14648?
True
Is 11 a factor of 11805?
False
Is 1140 a multiple of 38?
True
Is 253 a multiple of 23?
True
Is 14 a factor of 33862?
False
Is 25636 a multiple of 34?
True
Is 45 a factor of 405?
True
Is 10 a factor of 17886?
False
Is 23 a factor of 13935?
False
Does 25 divide 275?
True
Is 1602 a multiple of 8?
False
Is 227 a multiple of 2?
False
Does 73 divide 1110?
False
Is 1024 a multiple of 18?
False
Is 89 a factor of 6853?
True
Does 13 divide 39?
True
Is 23 a factor of 259?
False
Is 1022 a multiple of 8?
False
Does 164 divide 432?
False
Is 5985 a multiple of 9?
True
Is 19 a factor of 892?
False
Is 136 even?
True
Is 10 a factor of 4220?
True
Is 265 a multiple of 8?
False
Does 295 divide 3159?
False
Is 36 a factor of 1908?
True
Is 56 a multiple of 35?
False
Is 314 a multiple of 2?
True
Is 55 a factor of 299?
False
Is 15 a factor of 3705?
True
Is 58 a factor of 93268?
False
Is 47520 a multiple of 135?
True
Is 17 a factor of 782?
True
Is 32 a factor of 45446?
False
Is 1568 a multiple of 4?
True
Is 2196 a multiple of 61?
True
Is 912 a multiple of 8?
True
Is 68327 a multipl